e of -2*k**3/3 + 33*k**2/2 - 87*k - 3137. Calculate d(13).
4
Let o(u) be the first derivative of u**3 - 7*u**2/2 + 5*u - 1680. What is o(4)?
25
Let q(w) = 11*w - 24. Let u be ((-52)/(-12))/(260/180). Calculate q(u).
9
Let b = 93 - 52. Let n(a) = -4*a - b + 52 + a**2 - 3*a. Calculate n(6).
5
Suppose -5*d = -3*u + 27, -9 = -4*u - 3*d - 2. Suppose u + 2 = -3*g. Let v(s) = -21 + 22 - 8945*s + 8946*s. Determine v(g).
-1
Let c(x) be the third derivative of x**5/60 + 7*x**4/6 - 29*x**3/3 - 1444*x**2. Calculate c(-30).
2
Let c be -80 + 81 + (0 - 1)*-5. Let r be (-481)/37 - (c/(-2) - 1). Let q(h) = -h**2 - 9*h - 9. Give q(r).
-9
Let r(c) = 2*c**3 + c**2 - 2*c - 4. Let x be r(-2). Let k be 1*((-3)/1 - (7 + x)). Let o(q) = 1 - 25*q**2 + 50*q**k - 26*q**2 + 4*q. What is o(2)?
5
Let n(d) = 25*d**2 + 18*d - 14. Let s(h) = 9*h**2 + 6*h - 5. Let m(v) = v**3 + 6*v**2 + 3*v + 1. Let t be m(-5). Let u(x) = t*s(x) - 4*n(x). Determine u(-6).
1
Let k(v) = v**3 + 10*v**2 - 3*v + 8. Suppose 0 = 26*h - 48*h - 220. Give k(h).
38
Let b(s) be the first derivative of -s**2/2 - 50*s + 1339. Calculate b(-42).
-8
Let d(a) = 20 + 1799*a**2 - 1806*a**2 + a**3 + 0*a - 4*a. What is d(7)?
-8
Let d(s) = 9*s - 10. Let m(f) = -77 + 11*f + 37 + 29. Let w(z) = -6*d(z) + 5*m(z). Let j(r) = r**2 - 5*r - 5. Let g be j(4). Give w(g).
-4
Let u(t) be the first derivative of 51*t**2/2 + 26*t - 15805. What is u(2)?
128
Let p(j) be the third derivative of 1/30*j**5 + 1 - 1/12*j**4 + 0*j + 0*j**3 + 35*j**2. Give p(4).
24
Let b(a) = a + 4. Let m be 8/8 + 0 + 3. Suppose 13 = -m*s + 61. Let l = -8 + s. Give b(l).
8
Let h(p) = -1140*p + 2250*p - 1136*p + 3 + 3*p**2. Calculate h(9).
12
Let c(s) = 89*s + 48. Let d(j) = -38*j - 25. Let b(z) = -3*c(z) - 7*d(z). Give b(6).
25
Let x(q) = 9*q + 4. Let s = -4005 + 4002. Let t(c) be the third derivative of -c**4/8 - c**3/6 + c**2. Let u(k) = s*x(k) - 8*t(k). Give u(3).
-13
Let v(i) = -3 - 20*i**2 - 24*i**2 + 68*i**2 - 18*i**2 + 4*i - 19*i**2. Determine v(2).
-47
Let h(p) = 7*p - 6. Let c = -46 - -20. Let j = c + 9. Let u(r) = 20*r - 17. Let m(s) = j*h(s) + 6*u(s). Calculate m(0).
0
Let q(d) be the second derivative of -d**4/6 + 4*d**3/3 + d**2 - d. Suppose -7*m = 19 - 159. Let j be (-184)/(-30) - m/150. Determine q(j).
-22
Let i(w) = -w**3 + 13*w**2 + 2*w + 5. Suppose -67 = -8*y + 37. Calculate i(y).
31
Let g = 3 + 4. Let z(t) = -2*t - 34. Let f(m) = 8*m + 165. Let x(b) = f(b) + 5*z(b). Give x(g).
-19
Suppose -680 = -70*j - 50. Let l(o) = o**3 - 11*o**2 + 17*o + 15. What is l(j)?
6
Suppose -5*x - 4*s - 462 = 0, -357 = 4*x - 5*s + 4*s. Let j be (2 - x/(-35))/((-4)/14). Let i(o) = -4*o + 7*o**j + 5*o + o**2. Give i(1).
9
Let d(w) = -9*w + 17. Let n(j) = -j - 11. Let l(h) = -d(h) - n(h). Calculate l(4).
34
Let f(k) = -2*k + 1. Let m(h) = 8*h + 6. Suppose -24*q - 25 = -29*q. Let s(g) = q*f(g) + m(g). Determine s(4).
3
Suppose -2*j + 23 - 2 = 3*m, 0 = -j + 3*m + 6. Let i(a) be the third derivative of a**6/120 - a**5/6 + 7*a**4/24 + 2*a**3/3 - 1336*a**2. Determine i(j).
-14
Let j(m) = 7*m**2 + 1. Let c be (-2)/(-8)*(917 - -15). Let g = c + -234. Give j(g).
8
Let o be 1/(-2)*(-8 - -10). Suppose 4*l - 16 = -0*l. Let m(t) = 0 - 8*t**2 + 5*t**2 - 1 + l*t**2. Give m(o).
0
Let r(l) = l**3 - l**2 - 3*l + 5. Suppose 397*g = 386*g + 22. Give r(g).
3
Let n(h) = h**3 + 3*h**2 - 4*h + 1. Let s be (-4)/(-10) + 3568/(-20). Let j = 175 + s. What is n(j)?
13
Let s(b) = -2*b**2 + 6102 - 11878 + 56*b + 6108. Determine s(-5).
2
Suppose 244*k = -136*k - 270*k. Let z(n) = -n**2 - 78*n + 6. What is z(k)?
6
Let x(f) = -f**3 - 2*f - 1. Let n(l) = 3*l**3 + l**2 + 5*l + 40. Let p(q) = n(q) + 2*x(q). Let g(w) be the second derivative of p(w). Determine g(2).
14
Let b(s) be the second derivative of -2/3*s**4 - 7*s**2 - 1/20*s**5 + 4*s - 4/3*s**3 - 7. What is b(-7)?
-7
Let v(t) = 93*t - 229 - 11*t - 77*t. Determine v(47).
6
Let x(s) = -2*s. Let h(z) = 3*z + 28. Suppose 7*q - 8 = 8*q. Let w be h(q). Suppose -u - 3*m = 18, -u = -w*m - 3 - 7. Calculate x(u).
12
Let n be (0 + 3)*(-16)/6. Let x be (-3 + n/(-4))/(1/(-2)). Let a(i) = 4*i**3 + 6*i**x + 9 + 5*i - 8 - 3*i**3. Determine a(-5).
1
Let z = 53 - 39. Suppose 2*g - 2*h + 8 = 0, -4*h = -5*g - z - 1. Let s(p) = -p - g + 5 + 0 - 3. Calculate s(-7).
8
Let m(z) = 8 + 18 - 8*z + 21*z - 19. Give m(7).
98
Let r(m) = m**2 - 5*m + 3. Let v be r(5). Let f = -273 + 591. Let c(y) = -y + 3*y + f + y**2 - 315. Determine c(v).
18
Let r be (-5)/1 - (-7 + -4 - -1). Suppose 5*j = -h - 4 - 3, 4*h = j + 14. Let v(n) = 3*n**2 - n**2 - h + 0 - 3*n**2 + 5*n. Calculate v(r).
-3
Let i(q) be the first derivative of q**3/3 + 51*q**2/2 - 226*q + 4220. What is i(4)?
-6
Let j be ((-17)/(-34))/(((-10)/(-12))/5). Suppose -2*n - j*r = 14, 7*n - 8 = 11*n + r. Let s(w) be the first derivative of -w**3 - w**2 - w - 1. Determine s(n).
-2
Suppose -78 = h - 80. Suppose 2*w + 27*d - 30 = 23*d, -3*w = -h*d - 5. Let z(o) = o - 3. Determine z(w).
2
Let s(f) = -2*f + 1. Let u(v) = -v**2 - 61*v - 11. Let i be u(-11). Let o = i - 538. Give s(o).
-1
Let t(s) = -s**3 - 5*s**2 - 3*s. Let f(z) = -4213*z + 8429*z - 4220*z - 18. Let k(a) = a - 1. Let y be k(-3). Let g be f(y). Give t(g).
-6
Suppose 49*x = 43*x + 192. Let h(l) = x + 40 + 0*l - 81 - 5*l. Calculate h(-5).
16
Suppose y - 24 = -4*m - 4, y = -5*m + 25. Suppose -2*x - 63 = -h - 0*x, h - 4*x - 69 = y. Let w = h - 61. Let z(q) = q**2 + 5*q + 3. Give z(w).
-1
Let b(q) = q**3 - 3*q**2 + 6*q + 12. Suppose -t - 3 = 3*h, 18 = 4*h + 94*t - 89*t. What is b(h)?
-60
Suppose -o + 2*o = 3. Suppose 0 = o*t - 4*t. Let a(w) be the second derivative of -w**5/20 - w**4/12 - w**2 - 760*w. Calculate a(t).
-2
Let q(o) be the first derivative of o**7/840 - 7*o**6/360 - 3*o**5/40 + 5*o**4/24 - 13*o**3/3 + o - 82. Let b(a) be the third derivative of q(a). What is b(8)?
-3
Let q(y) be the first derivative of 5*y + 13/3*y**3 - 1/4*y**4 + 26 - 6*y**2. What is q(12)?
5
Let c(q) be the second derivative of -q**6/120 + q**5/60 + q**4/12 + q**3/3 + 20*q**2 - 2*q + 5. Let f(m) be the first derivative of c(m). What is f(3)?
-10
Suppose -7*g - 15*g + 242 = 0. Let v(y) be the first derivative of -y**3/3 + 5*y**2 + 14*y + 29. Determine v(g).
3
Let s(q) = q**2 + 12*q - 8. Suppose 8*a - i + 60 = 4*a, 0 = -12*a - 5*i - 116. What is s(a)?
5
Let n(u) be the third derivative of -u**5/30 - 19*u**4/24 + 27*u**2. Let b be n(-9). Let q(f) = 10*f - b*f + 3 - 4. Calculate q(3).
2
Suppose 56*f - 58*f + 2280 = 0. Let i(s) = f + s**2 - 1153 + s + 0*s. Determine i(0).
-13
Let d(a) be the third derivative of -a**4/6 + 4*a**3/3 + 1511*a**2 - a. Give d(-4).
24
Let a(n) = -n**3 - 6*n**2 - n + 11. Let v(o) = 4*o**3 - 36*o**2 + o - 13. Let r be v(9). Determine a(r).
-17
Let h(j) = -4 + 18 + 1 + j - 13. Let o(c) = c + 3. Let n(u) = 2*h(u) - 3*o(u). What is n(-4)?
-1
Let c(n) = -3*n**3 - 4*n**2 - 2*n. Let h be c(-2). Let z = 17 - h. Let m(b) = b - 3 + 2096201*b**2 - b**3 - 2096195*b**2 - 4*b. Give m(z).
7
Let c(p) = 59*p - 27*p - 7*p**2 - 35*p - 11. Let w(t) = 4*t**2 + t + 6. Suppose -5*o - 15 + 0 = 0. Let g(y) = o*c(y) - 5*w(y). Determine g(-5).
8
Suppose 986 = 132*l - 70. Let p(v) = -6*v - 3. Calculate p(l).
-51
Let x = -64 - -71. Suppose 24*a = 25*a - x. Let s(u) = -7*u - 2 - a*u - u**2 + 21*u. Calculate s(6).
4
Suppose -3*b + 197 = 5*u + 781, -2*b = -3*u - 339. Let t = 120 + u. Let g(c) = -t*c - 2*c - 5 + c + 3 - c**2. Calculate g(-5).
3
Let q = 0 + -6. Let d(z) be the third derivative of z**5/60 + z**4/4 - 3*z**3/2 + 2*z**2 + z - 65. Give d(q).
-9
Let j(t) = t**3 - 91*t**2 + 87*t + 262. Let b be j(90). Let f(q) = -2*q**2 - 14*q + 10. Calculate f(b).
-6
Let m = -38249 + 38251. Let r(b) = 2*b**2 + 13*b - 26. Calculate r(m).
8
Let q(u) = -8*u + 1. Let l be ((-4)/5)/((-4)/120). Let j = l + -14. Suppose 0 = 2*y + 5*b + 11, 5*b - j = 3*y + 2*y. Give q(y).
25
Let t(d) be the first derivative of 3*d**2/2 - 4*d - 42644. Let o(v) = -v + 5. Let u be o(4). Let z(l) = 4*l + 1. Let b be z(u). Determine t(b).
11
Let j(l) = 3*l**3 + 4*l**2 + 2*l - 2. Let k = 470 - 140. Let h = -332 + k. What is j(h)?
-14
Let y(n) = 31*n - 74. Let h(j) = 11*j - 25. Let i = 265 + -282. Let w(a) = i*h(a) + 6*y(a). Determine w(-17).
-2
Suppose -g + 1 = 4. Let x(i) = -3*i**2 + 4 - 5 + 2 - i**3 - 1 + 4*i + 4. Calculate x